culate h(8).
-83
Let r(u) = -1589*u**2 + 3174*u**2 - 5*u - 8*u**3 - 1588*u**2 - 2 + 6*u**3. Give r(-2).
12
Let s be -4*(-23 - -10)/(-13). Let c(l) = 5*l + 9. What is c(s)?
-11
Let c(a) = -a**3 - 3*a**2 - 2*a. Let u be c(-1). Let d(r) be the second derivative of -1/6*r**3 + 0 - 4*r**2 + 17*r - 1/12*r**4. What is d(u)?
-8
Let n(s) = s - 3. Let o be n(2). Let i(v) = 0 - 1 - v**2 - 2*v**2 - 125*v - 34*v**2 + 124*v. What is i(o)?
-37
Let y(q) = q**2 + 7*q + 11. Let s(l) = l**2 + 6*l - 94. Suppose 2*m - 4*m - 4*b - 6 = 0, -3*m + 36 = -3*b. Let t be s(m). What is y(t)?
-1
Let v(h) = 193*h**3 - h - 117*h**3 - 95*h**3. Determine v(-1).
20
Let m(l) = -2485*l - 74555. Let x be m(-30). Let v(i) be the first derivative of -i**4/4 - i**3 + 5*i**2/2 - 5*i - 1. Determine v(x).
20
Let v(p) = -p**2 - 3*p - 3. Let z be 6/10 + (-904)/40. Let b be 8/z - 37/(-11). Calculate v(b).
-21
Suppose 7*z - 786 = 4*z. Let n = 265 - z. Let h(u) = -7 - u + 7 - 4. Calculate h(n).
-7
Suppose 2 = 3*w - 1, -4*k = 5*w - 29. Let y(m) = -2*m**3 - 3*m**2 - 3*m - 3. Let q be y(-2). Let a(z) = -294 + 303 + 4*z**2 - 3*z**2 - q*z. Determine a(k).
3
Let z(s) = -s**3 + 2*s**2 + 5*s - 13. Let u be -5 - (-2 + 1) - 182/(-26). Give z(u).
-7
Let r = -22 + 29. Let b(h) = -13*h + 15. Let t(n) = 11*n - 13. Let j(p) = r*t(p) + 6*b(p). Suppose -5*w + 26 = 2*c, -27 = -4*w - c - 8. Give j(w).
-5
Let o(d) = -6*d**3 + 2*d**2 + 26*d - 28. Suppose -449*v = -445 + 22 - 26. What is o(v)?
-6
Let s be ((-1)/5 + 1)*825/110. Suppose s*u = 2*u - 12. Let r(y) be the first derivative of -y**4/2 - 4*y**3/3 + 2*y + 2. Give r(u).
20
Suppose 128*s + 581 - 453 = 0. Let c(q) = -13*q**2 - 6*q - 5. Calculate c(s).
-12
Let p(f) = f**2 + 2*f + 5. Let k(j) = j**2 + 2*j + 6. Let d(y) = -3*k(y) + 4*p(y). Suppose -s = 2*n + 10, 5*n - 9 = 4*s - 8. Calculate d(s).
10
Let d(l) = l**2 + 6*l - 4. Suppose 0 = k + 5*a + 57, -5*k - 262 = -5*a + 23. Let x be (-7 + 28 - 4)*(5 + -2). Let u = k + x. Calculate d(u).
-4
Let v(x) = -x**3 + 33*x**2 + 22. Let s be v(33). Suppose 0 = -22*a + s - 88. Let z(w) = w + 3. What is z(a)?
0
Let k be 8/(-1 - (-12)/8). Let p(c) = -48*c + k*c + 33*c + 6. Calculate p(-7).
-1
Suppose 5168 = 4*y + 4*y. Let u = y - 643. Let b(w) = w**2 - w - 3. What is b(u)?
3
Let c(x) = -47896*x**2 + 95789*x**2 + 9*x - 47890*x**2 - x - 39. Determine c(-5).
-4
Let q(i) = 74*i**2 - 41*i - 21. Let p(k) = -27*k**2 + 14*k + 7. Let y(a) = 11*p(a) + 4*q(a). Calculate y(-10).
-7
Let r(x) be the second derivative of -x**4/6 + x**3/6 + 13*x**2 - 6094*x. Determine r(6).
-40
Let c(h) be the first derivative of h**3/3 + 5*h**2 + 11*h + 8. Let p be (-120)/28 - (-4)/14. Let u be (-4 - -3) + p + -3. Determine c(u).
-5
Let m(p) be the third derivative of -p**4/12 + 4*p**3/3 + 23*p**2. Suppose 0 = 8*k - 32 - 0. Determine m(k).
0
Let l = -9986 + 9999. Let o(d) = d**2 - 11*d + 13. Determine o(l).
39
Let h(l) = -4*l**2 + 41*l**3 - 4 - 2*l - 42*l**3 + 7*l. Let n = 141 + -135. Suppose -n*p = -8*p - 10. Determine h(p).
-4
Let x(f) = 7*f**2 + 6*f**2 - f**3 - 6*f**2 - 6 + 22*f - 11*f. Suppose g - 28 = -5*l, -5 + 41 = 2*g + 5*l. What is x(g)?
18
Let x(c) = -2*c**2 + 42*c + 9. Let j be 0 + 9/3 + (-3)/1*-6. Give x(j).
9
Let n(r) = 4*r - 146. Let g(k) = -k + 70. Let y(x) = 2*g(x) + n(x). Calculate y(0).
-6
Let p = 30 + -25. Let n be 312/p + 40/(-100). Let q(t) = -54 - n + t + 115. Calculate q(3).
2
Let y(r) = -11*r + 560. Let v be y(54). Let l(t) = -2*t**2 - 68*t + 3. Determine l(v).
3
Let j(p) = -70*p - 9. Let v be (15 + -10 + -15)*(-1)/(-5). Give j(v).
131
Let l be 11/(-44) - (1 - (-73)/(-4)). Suppose -5*w = -4*z - l, -2*z - 5*w = -z - 27. Let h(q) = 7*q**z - q**3 - 6 + 10*q + 2 - 4 - 2. Give h(8).
6
Let v(b) = -11*b - 8. Suppose 0 = -75*x - 36*x + 111. Calculate v(x).
-19
Let o = 16350 - 16347. Let k(x) = -5*x**2 - x + 2. Let l(j) = 9*j**2 + j - 3. Let b(d) = 7*k(d) + 4*l(d). Give b(o).
2
Suppose 24 = -d + 54*a - 51*a, 2*d = 2*a - 16. Let w(t) = -t**3 + t**2 - 20*t + 5. Determine w(d).
5
Let p(r) = 9*r**2 - 5*r**2 + 4 - 5. Let b be p(-1). Let i = b + -4. Let v(n) = 2*n**2. Give v(i).
2
Let n(m) = -34 - 67 - 8*m + 22*m - 11*m - 14*m. Give n(-11).
20
Let n be -2 + 1*(-4 + -34). Let f = n - -81. Let s = f - 42. Let x(u) = 3*u**2 - u - 1. What is x(s)?
3
Let t(l) = l**2 + 6*l + 49. Let w be t(0). Let q(k) = 2*k - w + 98 - 43. What is q(-6)?
-6
Let n(k) = -k**2 - 6*k + 4. Let d = 125 - 136. Let l = -17 - d. What is n(l)?
4
Suppose 635*m - 618*m = -119. Let w(p) = -8*p - 44. Determine w(m).
12
Let j(t) = 2*t**2 - 4*t - 22. Let l be -10 - ((7 - 0) + -57 + 46). Determine j(l).
74
Let y = 156 - 150. Let o(x) = 4*x + 536 - y*x - 537 + x**2. What is o(6)?
23
Let x(v) = -17*v + 32. Let q(g) = -5*g - 3. Let f(m) = 3*q(m) - x(m). Calculate f(0).
-41
Let i(w) = 11*w**3 + 16*w**2 - 21*w + 19. Let v(f) = 25*f**3 + 32*f**2 - 43*f + 40. Let j(k) = 9*i(k) - 4*v(k). What is j(15)?
-19
Suppose -2*n + p + 108 = 4*p, 92 = 2*n - 5*p. Let w(i) = 3 - 55*i - n*i + 107*i. Determine w(-6).
-3
Let k(q) be the third derivative of -q**5/60 - 2*q**3/3 - 4*q**2. What is k(2)?
-8
Suppose 4*n + 2*s - 1 - 1 = 0, 4*n = 4*s + 32. Let q be (-11)/(-5) + (-7)/35. Let j(m) = m**n + 6*m**2 - 11 + 8 + 0*m + q*m. Calculate j(-6).
-15
Let x(a) = 3*a - 20. Let z be (8 + 750/(-105))/((-1)/(-7)). Determine x(z).
-2
Let r(w) = w**2 + 29*w - 61. Let q be (13/39*-279)/3. Give r(q).
1
Let v(x) be the third derivative of -x**5/60 - 3*x**4/8 - x**3 + 5055*x**2. Give v(-3).
12
Let g(r) = -6*r + 18 + 52 - 19 + 8*r - 5*r. Determine g(12).
15
Let a(m) be the third derivative of -3*m**4/8 - 70*m**3/3 - 2*m**2 - 4*m - 63. Calculate a(-16).
4
Let r(j) be the third derivative of -j**5/60 + 5*j**4/12 + 5*j**3/2 + 324*j**2. Let x = -239 + 250. What is r(x)?
4
Let n(v) = -v**2 - v + 6. Suppose 0 = -t - 45 + 48. Let m be (-189)/(-11) - t*(-2)/(-33). Let i = m - 17. Calculate n(i).
6
Let u(v) = 56*v**3 + v**2 - v - 13. Let i(s) = 2*s**3 - s - 4. Let t(r) = -3*i(r) + u(r). Give t(1).
52
Let x(s) = s**3 + 10*s**2 - 10*s + 6. Let n be x(-11). Let w(p) be the third derivative of -p**5/60 - p**4/6 + 5*p**3/6 - 11*p**2 + 6*p - 2. What is w(n)?
0
Suppose 1577 = 14*i + 135. Let r = i + -97. Let n(q) = -2*q + 6. Let y(v) = 3*v - 7. Let a(c) = -4*n(c) - 3*y(c). Give a(r).
-9
Let j(k) be the second derivative of k**6/240 - k**5/60 - 7*k**4/6 - k**2 - 78*k. Let o(u) be the third derivative of j(u). Determine o(2).
4
Let p(z) = -6*z - 1 - 8*z + 20*z - 8*z. Suppose 0 = -3*c - c + 4*q + 28, 3*q + 15 = c. Calculate p(c).
-7
Let s be -6 - (-33)/6 - 91/14. Let j(c) = c**2 - 8*c - 110. What is j(s)?
-5
Let v(w) be the second derivative of 17*w**3/2 + 180*w**2 + 7183*w. What is v(-7)?
3
Let c(r) = r**3 - r**2 + 5*r + 3. Let a = 38 + -35. Let l(w) = -w**2 + 2*w**3 - w**a - 2*w**3 - w. Let z(o) = -c(o) - 2*l(o). Determine z(-3).
6
Let i(s) = 13*s - 36. Let d be i(13). Let c = 128 - d. Let z(r) = -4*r - 3. Determine z(c).
17
Suppose 6 = 3*l - u, 5*l - 819*u = -814*u - 10. Let k(p) = 8*p**2 - 32*p - 6. Determine k(l).
-6
Let c(h) be the first derivative of -2*h**3/3 - 4*h - 14729. Suppose 0 = -3*n + 7*n + 2*s, -3*n - 2*s = 0. Give c(n).
-4
Suppose 2*t = -l - 2*t - 2, 0 = 5*l + t - 9. Suppose -4*m + 6 = -2*i, -l*i - 30 = -5*m - 4*i. Let q(b) = 3*b - b**2 + 2*b + 2 - 3*b + m*b. What is q(7)?
-5
Let t(n) be the second derivative of n**4/6 + 8*n**3/3 - 27*n**2/2 + 2054*n. Give t(-11).
39
Suppose -4*q = -2*s - 115 - 23, 0 = 2*q + 4*s - 74. Suppose -3*c = -3*r + 3 - 6, -2*r + 2 = 0. Let g(h) = -q*h**2 + 0*h + 36*h**c + 11 + 11*h. Determine g(-9).
-7
Let n(x) be the second derivative of 0 - 5*x**2 + 1/6*x**3 - 28*x. Let a(d) = -3*d + 2. Let t be a(-2). Give n(t).
-2
Let r(z) = -9*z + z**2 - 373 + 23*z + 405. Determine r(-13).
19
Let h be (-2 - (-18)/(-12))/((-2)/(-4)). Let v be (8/7)/((-1)/h). Let s(a) = 10 - v + a + 0*a. Determine s(8).
10
Let k(a) = -a**3 - 10*a**2 - a - 6. Let x be ((-102)/(-12))/((-4)/(-8)). Suppose -5*v - 2*s = 54, 4*v = s - x - 21. Determine k(v).
4
Let p(d) = -1749*d + 3502*d + d**2 + 12 - 1743*d. Let a = -17 + 9. Let c be (a/2)/((-2)/(-4)). Calculate p(c).
-4
Suppose -4*f + 7*f = -2*f. Suppose f = 2*j + j - 3*p + 18, -3*p - 54 = 5*j. Let q(g) = g**2 + 14*g + 4. Determine q(j).
-41
Let x(d) = 4*d**3 - d**2 - 5*d + 5. Let i(